 876?
False
Is 12295 a multiple of 18?
False
Does 7 divide 494?
False
Is 93 a factor of 4092?
True
Is 17 a factor of 3750?
False
Is 17556 a multiple of 399?
True
Is 1892 a multiple of 27?
False
Is 3 a factor of 156?
True
Is 480 a multiple of 3?
True
Is 26 a factor of 23166?
True
Is 160 a multiple of 10?
True
Is 9810 a multiple of 90?
True
Is 89 a multiple of 3?
False
Is 1778 a multiple of 6?
False
Is 31 a factor of 9020?
False
Is 7293 a multiple of 187?
True
Is 64 a factor of 87684?
False
Does 14 divide 663?
False
Does 11 divide 429?
True
Is 23945 a multiple of 7?
False
Is 19614 a multiple of 69?
False
Is 5184 a multiple of 192?
True
Is 46 a factor of 33028?
True
Is 34 a factor of 34241?
False
Is 4 a factor of 197?
False
Does 14 divide 4266?
False
Is 4818 a multiple of 11?
True
Does 4 divide 17260?
True
Is 540 a multiple of 12?
True
Is 28 a factor of 2240?
True
Is 22 a factor of 3828?
True
Is 9 a factor of 6723?
True
Does 3 divide 304?
False
Is 71 a factor of 1420?
True
Does 7 divide 10311?
True
Is 8 a factor of 2672?
True
Is 20 a factor of 1463?
False
Is 300 a multiple of 20?
True
Is 554 a multiple of 3?
False
Is 19000 a multiple of 25?
True
Is 482 a multiple of 4?
False
Does 19 divide 900?
False
Does 6 divide 12954?
True
Is 15028 a multiple of 39?
False
Is 3952 a multiple of 16?
True
Does 11 divide 15884?
True
Is 11 a factor of 8848?
False
Is 10 a factor of 34150?
True
Is 232 even?
True
Does 7 divide 1183?
True
Is 464 a multiple of 12?
False
Does 32 divide 542?
False
Is 39 a factor of 1585?
False
Is 2997 a multiple of 50?
False
Does 15 divide 9525?
True
Is 1575 a multiple of 9?
True
Does 17 divide 8670?
True
Is 3 a factor of 201?
True
Does 18 divide 6622?
False
Is 1608 a multiple of 24?
True
Is 2856 a multiple of 51?
True
Is 13 a factor of 4173?
True
Is 704 a multiple of 11?
True
Is 30 a factor of 1470?
True
Does 34 divide 782?
True
Is 54 a multiple of 4?
False
Does 85 divide 28198?
False
Does 5 divide 100?
True
Is 167 a factor of 47825?
False
Does 55 divide 8745?
True
Is 115 a factor of 73981?
False
Does 150 divide 30912?
False
Is 16 a factor of 15041?
False
Is 14128 a multiple of 12?
False
Does 62 divide 41413?
False
Is 54 a factor of 864?
True
Is 560 a multiple of 14?
True
Does 17 divide 394?
False
Does 147 divide 53067?
True
Is 3 a factor of 849?
True
Is 7 a factor of 21846?
False
Does 62 divide 114?
False
Is 4721 a multiple of 32?
False
Is 8 a factor of 38?
False
Is 1008 a multiple of 9?
True
Does 157 divide 471?
True
Does 14 divide 7061?
False
Does 91 divide 3640?
True
Is 21098 a multiple of 15?
False
Is 6636 a multiple of 42?
True
Is 5790 a multiple of 193?
True
Is 5616 a multiple of 9?
True
Does 13 divide 39767?
True
Is 135 a factor of 23184?
False
Is 2 a factor of 552?
True
Does 36 divide 2340?
True
Is 31403 a multiple of 4?
False
Does 135 divide 4174?
False
Is 13 a factor of 936?
True
Is 15 a factor of 3483?
False
Is 47 a multiple of 14?
False
Is 30 a factor of 1415?
False
Does 7 divide 127?
False
Is 13452 a multiple of 38?
True
Does 22 divide 1276?
True
Is 1077 a multiple of 13?
False
Is 4228 a multiple of 5?
False
Does 26 divide 2626?
True
Is 4 a factor of 5175?
False
Is 9435 a multiple of 255?
True
Does 34 divide 12376?
True
Does 4 divide 396?
True
Does 63 divide 378?
True
Is 26 a factor of 1166?
False
Is 29 a factor of 4089?
True
Does 11 divide 2156?
True
Is 62 a factor of 3303?
False
Does 4 divide 192?
True
Is 3000 a multiple of 125?
True
Is 4946 a multiple of 10?
False
Is 49 a factor of 1250?
False
Does 37 divide 259?
True
Is 11 a factor of 94?
False
Is 1611 a multiple of 179?
True
Is 7775 a multiple of 34?
False
Does 327 divide 44472?
True
Is 47 a factor of 1286?
False
Is 41 a factor of 2747?
True
Does 2 divide 9?
False
Is 9 a factor of 403?
False
Is 19 a factor of 3610?
True
Is 38 a factor of 114?
True
Is 5 a factor of 52416?
False
Is 2191 a multiple of 36?
False
Does 21 divide 3595?
False
Is 2 a factor of 312?
True
Is 9 a factor of 3912?
False
Is 7 a factor of 462?
True
Is 1605 a multiple of 138?
False
Does 30 divide 510?
True
Does 9 divide 1368?
True
Does 62 divide 24153?
False
Is 1330 a multiple of 5?
True
Does 27 divide 648?
True
Is 1682 a multiple of 18?
False
Is 7 a factor of 1342?
False
Does 7 divide 3003?
True
Is 10 a factor of 39?
False
Is 13796 a multiple of 4?
True
Is 62 a factor of 992?
True
Does 8 divide 15049?
False
Is 64 a factor of 11764?
False
Is 2112 a multiple of 48?
True
Is 16 a factor of 7661?
False
Is 30 a factor of 330?
True
Is 1208 a multiple of 7?
False
Does 46 divide 1944?
False
Is 372 a multiple of 6?
True
Is 2 a factor of 329?
False
Is 173 a factor of 1903?
True
Is 40163 a multiple of 46?
False
Is 7 a factor of 224?
True
Does 138 divide 46862?
False
Does 7 divide 338?
False
Is 3496 a multiple of 7?
False
Is 834 a multiple of 12?
False
Is 52585 a multiple of 65?
True
Does 65 divide 726?
False
Is 32987 a multiple of 15?
False
Is 17 a factor of 3978?
True
Is 231 a factor of 2079?
True
Is 27938 a multiple of 72?
False
Does 16 divide 784?
True
Is 6 a factor of 220?
False
Is 10252 a multiple of 4?
True
Does 109 divide 1404?
False
Is 57353 a multiple of 272?
False
Is 2175 a multiple of 25?
True
Does 120 divide 41040?
True
Is 770 a multiple of 26?
False
Is 15 a multiple of 15?
True
Is 100 a multiple of 10?
True
Is 12 a factor of 2688?
True
Is 16 a factor of 2400?
True
Is 12096 a multiple of 108?
True
Is 4280 a multiple of 32?
False
Does 40 divide 16980?
False
Is 110 a factor of 7338?
False
Is 3552 a multiple of 111?
True
Does 57 divide 11799?
True
Is 3 a factor of 90?
True
Is 13837 a multiple of 6?
False
Is 6 a factor of 13774?
False
Is 13 a factor of 5785?
True
Is 5 a factor of 10?
True
Is 503 a multiple of 3?
False
Does 132 divide 14784?
True
Is 648 even?
True
Is 86030 a multiple of 16?
False
Does 64 divide 5568?
True
Is 3 a factor of 68?
False
Is 2041 a multiple of 11?
False
Is 19 a factor of 2843?
False
Is 13876 a multiple of 68?
False
Is 34 a factor of 816?
True
Is 2633 a multiple of 23?
False
Is 5412 a multiple of 33?
True
Is 29 a factor of 551?
True
Does 4 divide 15044?
True
Does 8 divide 2168?
True
Is 7 a multiple of 7?
True
Is 524 a multiple of 6?
False
Is 4 a factor of 3479?
False
Is 24 a factor of 998?
False
Is 10703 a multiple of 11?
True
Is 60996 a multiple of 12?
True
Is 1023 a multiple of 47?
False
Does 49 divide 588?
True
Does 7 divide 133?
True
Is 1126 a multiple of 16?
False
Does 3 divide 2187?
True
Does 23 divide 13754?
True
Does 23 divide 1863?
True
Does 14 divide 18128?
False
Is 13650 a multiple of 42?
True
Is 12194 a multiple of 13?
True
Is 7782 a multiple of 15?
False
Is 35 a factor of 700?
True
Does 73 divide 1411?
False
Is 3 a factor of 331?
False
Is 152 a factor of 3344?
True
Does 87 divide 8787?
True
Does 18 divide 481?
False
Does 6 divide 15792?
True
Does 72 divide 2863?
False
Is 69 a multiple of 2?
False
Does 12 divide 1752?
True
Does 11 divide 718?
False
Is 17 a factor of 11067?
True
Is 17 a factor of 96208?
False
Is 3647 a multiple of 61?
False
Is 83 a factor of 121260?
False
Is 17014 a multiple of 11?
False
Does 10 divide 524?
False
Does 30 divide 630?
True
Is 1442 a multiple of 16?
False
Is 13 a factor of 1053?
True
Is 87 a factor of 3393?
True
Is 48 a factor of 1072?
False
Is 54 a factor of 3510?
True
Is 37 a factor of 19397?
False
Does 232 divide 13224?
True
Is 826 a multiple of 26?
False
Is 11 a factor of 198?
True
Is 8135 a multiple of 71?
False
Does 13 divide 1014?
True
Is 5516 a multiple of 9?
False
Does 84 divide 5245?
False
Does 5 divide 600?
True
Does 57 divide 36252?
True
Is 250 a multiple of 34?
False
Is 14 a factor of 1596?
True
Does 72 divide 4608?
True
Is 338 a multiple of 2?
True
Does 46 divide 21620?
True
Is 12 a factor of 4260?
True
Is 60 a factor of 1714?
False
Is 39 a factor of 2387?
False
Does 10 divide 1310?
True
Does 11 divide 27547?
False
Is 104 a factor of 3432?
True
Is 199 even?
False
Is 4086 a multiple of 18?
True
Is 276 a multiple of 46?
True
Does 75 divide 23264?
False
Is 127 a factor of 28547?
False
Is 6 a factor of 12557?
False
Does 21 divide 550?
False
Does 13 divide 845?
True
Is 665 a multiple of 35?
True
Is 2232 a multiple of 6?
True
Is 15 a factor of 375?
True
Is 6 a factor of 9822?
True
Is 625 a multiple of 47?
False
Is 13 a factor 